on divisor of 32 and n?
16
Let l be (-54)/(-12) - (-2)/(-4). What is the greatest common factor of 16 and l?
4
Let i(u) = -u**3 - 15*u**2 + 17*u - 18. Let z be i(-16). Let f be (-82)/(-5) + z/85. Calculate the greatest common divisor of 80 and f.
16
Let p be 1 + (-3)/(-1 + -2). Suppose 3*h + 1 + p = -3*k, -5*h = k + 13. Let m = 3 - 2. Calculate the highest common divisor of k and m.
1
Suppose -3*p + 14 - 55 = -g, -5*p + g - 65 = 0. Let n be 12*(p/8 + 3). What is the highest common divisor of 45 and n?
9
Let j = -11 + 7. Let i be 492/15 - j/20. What is the greatest common factor of 11 and i?
11
Let w be 1 + -1 + 4 + 6. Let q(x) = -14*x**3 - x + 1. Let j be q(1). Let k = j + 24. Calculate the highest common factor of k and w.
10
Let q(v) = -v**2 - 12*v - 7. Let i be q(-11). Suppose -2 = i*w - 18. Calculate the greatest common divisor of 2 and w.
2
Let d be (-1)/(5/(-6) + 1). Let n = 7 + d. Let t = 0 + 1. What is the greatest common factor of n and t?
1
Let v(w) = 13*w**3 - w**2 - 17*w - 12. Let a(g) = 6*g**3 - 8*g - 6. Let j(y) = -9*a(y) + 4*v(y). Let l be j(-4). What is the highest common divisor of l and 6?
6
Let t be 5 - 0 - 2 - -5*5. What is the greatest common factor of t and 4?
4
Let d(b) = 43*b**3 - b**2 + 1. Let g be d(1). Suppose 0 = 3*y - 5*c + g, -c = c - 10. Let r = y - -13. What is the highest common factor of r and 49?
7
Let c = -14 + 14. Suppose c*l + l = 4. What is the greatest common factor of l and 36?
4
Let f(s) = s**3 - 9*s**2 + 7*s - 7. Let c be -1 + (-1 - 0) + -16. Let a = c - -27. Let y be f(a). What is the highest common factor of y and 7?
7
Suppose 4*i = 4*o - 225 + 37, 3*i - 181 = -4*o. Calculate the highest common divisor of 115 and o.
23
Suppose 0 = -2*j + 60 - 0. Calculate the greatest common divisor of 20 and j.
10
Suppose -3*u + 3 = -4*u. Let g be (-6)/1*10/u. What is the highest common divisor of g and 5?
5
Let d be 74/14 + (-10)/35. Suppose -5*i + y + 44 = 0, 0 = d*i - 3*y - 18 - 34. What is the greatest common factor of i and 88?
8
Let w = -2 + 0. Let d be (w/4)/((-2)/16). Let o be d/(-10) - 994/(-10). Calculate the greatest common factor of o and 9.
9
Let m(a) = -a**3 - a**2 + a + 1. Let u be m(0). Suppose 4*p - 7 - u = 0. Let r be (p + -24)/((-4)/14). Calculate the greatest common divisor of r and 7.
7
Suppose -5*o + 3*l = -16 - 7, 5*l + 13 = 2*o. Calculate the greatest common factor of o and 44.
4
Let t(j) = j + 4. Let n be t(-2). Suppose -n*x = 2*x - 64. Let b = x + -10. Calculate the highest common factor of 36 and b.
6
Suppose d - 2*a = 0, -d - 3*a - 10 = -5*d. Suppose -d = -o - 0. Calculate the highest common divisor of 32 and o.
4
Suppose 100 = 4*x - 2*s, -x + 7*s - 3*s + 39 = 0. Calculate the greatest common divisor of x and 207.
23
Let t = 41 - -31. Let s = -41 - -65. Calculate the greatest common factor of s and t.
24
Let d = 11 - 9. Let l be 2*6 + -2 + 0. Let j = d + l. Calculate the greatest common divisor of 96 and j.
12
Suppose 4*v = -2*s + 88, -4*v + 2*s + 74 = -3*s. Let n = 43 - v. What is the greatest common divisor of 11 and n?
11
Let k = -12 + 18. Suppose 60 = 2*r + 4*h, 0 = 5*h - k + 1. Calculate the highest common factor of r and 4.
4
Suppose -3 = 5*n + 2*f, -2*f = -n - 6*f - 15. What is the greatest common factor of 1 and n?
1
Suppose 2*l - 4 = -2. Let u(m) = 98*m**3 + 1. Let h be u(l). Calculate the highest common factor of h and 11.
11
Let k = -5 - -4. Let d be (k/(-2))/(1/396). Suppose -s + 10 + 8 = 0. Calculate the highest common divisor of d and s.
18
Suppose -6*x + 4*x = 0. Suppose -4*m + 2*w + 2*w = -140, -3*w + 15 = x. What is the highest common factor of 5 and m?
5
Suppose -3*a + 76 = 22. Let x = 40 - 22. Calculate the greatest common factor of x and a.
18
Suppose 0 = -4*o + 3*x + 11, -5 = -o + 2*x + x. What is the greatest common divisor of 14 and o?
2
Suppose 0 = -3*z + 3*q + 57, 0*q = 3*z + q - 53. Let f(r) = 4*r. Let l be f(3). Let j be l/18 - (-8)/6. Calculate the highest common divisor of j and z.
2
Suppose -4*h = -7*h - 51. Let t = 32 + h. Calculate the highest common divisor of t and 75.
15
Let g(s) = -s**3 - 12*s**2 - 4*s + 2. Let j be g(-12). Let o be ((-6)/5)/((-15)/j). Let y be 42/10 + 1/(-5). Calculate the highest common divisor of y and o.
4
Let f be (-1)/3*5*-3. Let n be 8/(-10)*f*-1. Suppose 4*h = -n*p + 60, 0*h - 2*h + 3*p + 20 = 0. What is the highest common divisor of h and 117?
13
Let a = -8 - 7. Let x = 10 + a. Let r be (28/(-10))/(1/x). Calculate the highest common divisor of r and 98.
14
Suppose 2*i = -4*r + 58, -5*r = -3*r - 5*i + 1. What is the greatest common divisor of 120 and r?
12
Let f = -5 - -9. Suppose -f*v + 48 + 48 = 0. What is the greatest common factor of 3 and v?
3
Let g be 13046/66 + 1/3. What is the highest common factor of 22 and g?
22
Let a(n) = 6 - 2 - 4*n - 5. Let w be a(-5). What is the greatest common divisor of w and 38?
19
Suppose 2*l + z - 5 = 0, -3 = l + 4*z + 12. Let g be 6/10 + ((-428)/(-20) - 2). What is the highest common divisor of g and l?
5
Suppose -166 = -5*c - 46. Suppose -6*s + 2*s = -c. Let o be (-6)/(2*(-3)/54). Calculate the greatest common factor of o and s.
6
Let f = -65 + 208. What is the greatest common factor of 13 and f?
13
Let j(h) = h - 7. Let d be j(7). Suppose i = -d*i + 4. Suppose 3*v - 2*g = 13, 2*v - 5*g + i*g = 10. Calculate the highest common factor of 28 and v.
7
Let h be ((-64)/3)/(2/(-6)). Let u be h/24*3*3. Calculate the greatest common divisor of 6 and u.
6
Suppose -5 = -4*t + 2*z - 3*z, 0 = 4*z - 4. Let m be t/(-3) - 57/(-9). Let u(r) = -6*r + 6. Let v be u(-6). What is the highest common divisor of m and v?
6
Let j(o) = o - 6. Let s be j(9). Let v be s/1 - (0 - 5). What is the greatest common divisor of 8 and v?
8
Let b = 71 + -47. Let q be (36/7)/(33/231). What is the greatest common factor of b and q?
12
Let g = -29 + 32. Calculate the highest common divisor of g and 21.
3
Let t be 6/(-21) - 23/(-7). Suppose -b + 3*f + 38 = 0, t + 28 = 2*b + 3*f. Suppose -5*s + 87 = -b. Calculate the highest common divisor of 2 and s.
2
Suppose -2 + 0 = -t. Suppose -5 = -5*y, t*i + 0*i = 3*y + 65. Calculate the highest common factor of 51 and i.
17
Let v = -45 - -65. Suppose 3*x - x = 10. What is the greatest common divisor of x and v?
5
Suppose m + 4*c + 8 = -4*m, 2*m - 6 = 3*c. Suppose -2*a - 2*b - 16 = -5*a, -3*a - b + 1 = m. Let f be 33/a*2/3. What is the highest common divisor of 44 and f?
11
Let d be 1/((-3)/(-12)) + -2. Let r = -12 + 26. Calculate the highest common factor of r and d.
2
Let r(i) = 2*i - 7. Let u(j) = j - 3. Let h(x) = -3*r(x) + 7*u(x). Let v = -4 - -6. Let n be h(v). What is the highest common divisor of 2 and n?
2
Let r(n) = 3*n - 2. Let w be r(4). Calculate the greatest common factor of 40 and w.
10
Let d = -21 - -134. Let o = -81 + d. Suppose -4*s + o = -0. Calculate the greatest common factor of s and 32.
8
Suppose 5*i - 3*i - 20 = 0. Let o be (0 + 10)*4/i. Let x = 49 - 29. What is the greatest common divisor of o and x?
4
Let t = -11 + 86. Let l(v) = 27*v**3 + 2*v**2 - 2*v + 1. Let q be l(1). Suppose q = 2*y - 2. Calculate the greatest common divisor of t and y.
15
Let w(z) = -4*z + 4. Let y be w(-6). Let c = y + -7. What is the highest common divisor of c and 168?
21
Let q be ((-25)/(-2))/(-5)*2. Let h be (-23)/q - 6/10. Calculate the highest common divisor of h and 36.
4
Let j(o) be the first derivative of 2 - 1/4*o**4 + 15*o - 1/2*o**2 + 0*o**3. Let x be j(0). What is the highest common divisor of 60 and x?
15
Let f(i) = -19*i - 3. Let z be f(-3). Suppose 0 = -29*y + 21 + 153. Calculate the greatest common factor of y and z.
6
Suppose -4*t + 9 + 19 = 0. Let a(s) = s**2 - 6*s + 12. Let u be a(5). What is the highest common divisor of u and t?
7
Suppose 0*i = 4*i - 20. Suppose h + 0*h + 25 = i*s, -4*h - 36 = -4*s. Calculate the greatest common factor of 8 and s.
4
Let u = 74 - 25. What is the greatest common factor of 441 and u?
49
Let a(z) = -16*z + 1. Let m be a(-4). Suppose 0 = 5*r - 0*r - m. Suppose 3*t + 4*v = 5*v + 270, -179 = -2*t + v. What is the highest common factor of r and t?
13
Suppose -3*m + 0*m + 5*k = 26, -1 = -k. Let h(q) = -2 - 4*q + q + 8. Let j be h(m). Calculate the greatest common divisor of 3 and j.
3
Suppose 0 = 5*a + 4 + 1, -5*a = -4*f + 125. Let d = -19